- 1. Let k be t(s). Determine j(k).
8
Let d be (-4)/(-6) - (-44)/(-12). Let s = -3 - d. Let n(k) be the first derivative of -k**4/4 + k**2/2 + 5*k + 8. What is n(s)?
5
Let b(f) = f + 3. Let z(k) = -6*k**3 - 2*k**2 - k. Let y be z(-1). Let j(i) = -2*i - 5. Let a(n) = y*b(n) + 3*j(n). What is a(2)?
-2
Let q(k) = -3*k**3 + 2*k**2 - 2*k + 1. Let s(i) = -i**3 - i. Let d(h) = q(h) - 4*s(h). Calculate d(-2).
-3
Suppose 3*x - 1 = -3*d + 4*d, -5*d - 16 = -4*x. Let p = -6 - -6. Let u(v) = p*v - v + v + v - 2*v**3. Give u(x).
1
Let v(s) = -2*s + 5. Let x be 1/(4 + 92/(-24)). What is v(x)?
-7
Let x = -12 + 16. Let h(j) = j**2 - 4*j - 2. Calculate h(x).
-2
Let h(g) = 0 + g**3 - 7 - g**2 - 5*g**2 + 8*g. Let l be 10/35*2*7. Let a(p) = p**2 - 5*p + 9. Let k be a(l). Give h(k).
8
Let y(k) = -k**2 - 6*k + 1. Let z(n) = n + 3. Let l be z(-8). Let f be y(l). Let v(m) = -m - 1 - 2*m + f*m - m. Determine v(-3).
-7
Let k(u) = -3*u - 2 + 5 + 2*u. Let p(j) = j**3 + 7*j**2 - 2*j - 10. Let o be p(-7). Calculate k(o).
-1
Let c(i) be the third derivative of -i**5/60 - 7*i**4/24 - i**3 - 4*i**2. Determine c(-6).
0
Let u(f) be the first derivative of -f**2/2 - 10*f - 2. Let c be u(-6). Let p be 1/c - (-19)/(-4). Let z(q) = q**3 + 6*q**2 + 5*q + 6. Calculate z(p).
6
Let c(b) = 5*b - 11. Let l(h) = -3*h + 7. Let u(r) = 5*c(r) + 8*l(r). Calculate u(0).
1
Let o(z) be the second derivative of 0 + 1/6*z**3 - z**2 + 2*z. Let r be -2 - 1*(-1 + 4). What is o(r)?
-7
Suppose 12 = 3*h - 2*w, -3*h + 27 = 5*w - 6. Let z = 11 - h. Let l(s) = -2*s + 7. What is l(z)?
-3
Let f be (2 - -1)/((-6)/(-4)). Let r(i) = 2*i**3 - 4*i**2 + 4*i - 2. Let a be r(f). Let l(g) = -2*g + 9. What is l(a)?
-3
Let q(z) = 5*z**2 - 3*z + 5. Let r(b) = 4*b**2 - 3*b + 4. Let a(p) = -6*q(p) + 7*r(p). Let n(o) be the first derivative of a(o). Calculate n(-3).
9
Let l be (-6)/(-6)*2/1. Let j(z) = -z**l - 5*z - 3*z + 5*z + 2*z + 4. Suppose 0*x = -x. What is j(x)?
4
Let m(p) = -p**3 - 3 - 11 + p**2 - 10 + 3*p + 25. Let j be 4/(-14) - (-46)/14. Determine m(j).
-8
Let f be (9/(-6))/((-9)/(-12)). Let s(a) = -a. Give s(f).
2
Let v(f) be the second derivative of -f**3/6 - f**2/2 + 7*f. Calculate v(6).
-7
Let r = -2 - -4. Let o(g) = 3*g**2 - 4*g**r + 3*g**2 - g**2 - 7*g. What is o(6)?
-6
Suppose 2*v + 2*v - 3*w + 17 = 0, -3*v - 17 = 2*w. Let l(d) be the second derivative of d**4/12 + d**3/2 - 2*d**2 + d. Calculate l(v).
6
Let a = -41 - -34. Let u(k) = k**3 + 7*k**2 - k - 7. Give u(a).
0
Let v be (-8)/(1 + 1) - (5 + -4). Let a(o) = o + 1. Give a(v).
-4
Let d(z) = -5*z**3 + 5*z**2 + 2*z + 3. Let j(a) = 6*a**3 - 4*a**2 - a - 2. Let n(h) = -2*d(h) - 3*j(h). Suppose 14 + 6 = 5*s. Let q = -3 + s. What is n(q)?
-7
Let u be (-2)/(-3) - 16/6. Let c(l) be the first derivative of l**4/4 + 2*l**3/3 - l**2 - 3*l - 3. Calculate c(u).
1
Let n(c) = 9*c - 16. Let p be n(3). Let d(s) = -s + 10. Give d(p).
-1
Let d be ((-8)/(-12))/((-2)/(-6)). Let j(p) be the third derivative of p**4/4 + p**3/6 - p**2. Determine j(d).
13
Let n(t) = -t**3 + 2*t**2 + 3*t + 2. Let d(o) = -o**2 + o + 1. Let g be d(-1). Let w be 2 - (g*2 - -1). Give n(w).
2
Let q be -2*(-3 - 20/(-8)). Let n(t) = 4*t**2 + t. What is n(q)?
5
Let i(o) = 5*o. Let y be i(1). Suppose 0 = 2*q + n + 2, -20 = y*q - 5*n. Let f(p) = -4*p. What is f(q)?
8
Let h(n) = 2*n + 11*n**2 - 12*n**2 - 2*n**2 + 3. What is h(3)?
-18
Let p(k) be the first derivative of -7/2*k**2 + k + 6. Calculate p(2).
-13
Let p(f) = -5*f**3 - f**2 - f + 1. Let x be p(1). Let g(w) = -w**2 - 5*w + 3. Calculate g(x).
-3
Let g(s) be the third derivative of 0 + 0*s - 1/120*s**5 - s**2 + 5/24*s**4 - 1/2*s**3. Let k(n) be the first derivative of g(n). What is k(5)?
0
Let c(r) be the first derivative of r**4/4 - 4*r**3/3 - 5*r**2/2 + 7*r - 1. Let f(a) = 4*a + 10. Let i be f(7). Let z be i/8 + (-3)/(-12). What is c(z)?
7
Let p(w) = 9*w. Let b be p(1). Suppose 5*a = b*a + 20. Let u(c) = c**2 + 6*c + 1. Let k(j) = j**2 + 5*j. Let d(z) = -4*k(z) + 3*u(z). What is d(a)?
-12
Suppose -3*r - r = 0. Let j(s) = -3*s - 5. Let m(t) = -t - 2. Let a(f) = -4*j(f) + 11*m(f). Determine a(r).
-2
Let u(o) = o + 3. Suppose -5*q + 0*n - 3*n + 7 = 0, 4*n = 4*q - 12. Let r(g) = -2. Let l(x) = q*u(x) + 3*r(x). Determine l(-2).
-4
Let w(p) = p + 2. Let g = 6 + 0. Give w(g).
8
Suppose 2*l - 12 = -2*l. Let n = -2 - -8. Let t(a) = -l*a**2 + n - 3*a - 6. Determine t(-2).
-6
Let k(d) = -2*d**2. Suppose -4*x - 10 = -6*x. Suppose -y - 4*o + 5 = -1, 0 = x*o - 10. Calculate k(y).
-8
Suppose 19 = -2*s - s - 5*n, -2*s - 3*n - 11 = 0. Let k(d) = 63 - 3*d - 60 - d**2 + d. Calculate k(s).
-5
Let y(v) = -3*v**2 + 6*v - 2. Let i = 12 + -10. Let m be y(i). Let c(o) = -4*o. Calculate c(m).
8
Let b(k) = -2*k**2 + 1. Let t be (8/(-12))/(6/9). Determine b(t).
-1
Let c(l) = -l**2 - l. Let u = 10 + -13. Calculate c(u).
-6
Let g(k) = -k - 3. Let d = 1 - 0. Let c be (-6 + 0)*d/1. Determine g(c).
3
Let w be (-2)/9 + (-2)/(-9). Let c(p) = 34 - 28 + w*p**2 + 5*p + p**2. Give c(-5).
6
Let w(p) = p**2 + 5*p - 2. Let o(v) = -v + 2. Let d = 2 + 0. Let c be o(d). Let f be (8 - 3)/(c + -1). Give w(f).
-2
Let b(f) = f**3 - f - 1. Let a(p) = -6*p**3 + 6*p**2 + 14*p + 1. Let g(k) = a(k) + 5*b(k). What is g(7)?
10
Let v(t) = 9*t - 6. Let n(u) = -10*u + 7. Let i(f) = -5*n(f) - 6*v(f). Determine i(-1).
5
Let b(m) be the first derivative of -m**4/4 - 3*m**3 - 9*m**2/2 - 5*m + 52. Give b(-8).
3
Let s(w) = -w - 6. Let r be s(-6). Let u(t) = -t**3 - t**2 - 8. Calculate u(r).
-8
Let h(w) = -3*w**3 - 7*w**2 - 5*w - 1. Let g(v) = 4*v**3 + 6*v**2 + 4*v + 2. Let a(n) = -2*g(n) - 3*h(n). Calculate a(-8).
7
Let v(l) be the third derivative of -l**4/24 + l**3/6 - 7*l**2. Determine v(3).
-2
Let j(v) be the first derivative of 2 + v + 3/2*v**2 + 1/3*v**3. Let z(o) be the first derivative of j(o). Give z(-4).
-5
Let k(p) = -p**3 - 2*p**2 + 2*p + 1. Let r be k(-2). Let s(q) = 3*q + 1. Give s(r).
-8
Suppose 0*c - c - 9 = 0. Let q = c + 8. Let w(i) = i**3 - i**2 - 2*i - 1. Give w(q).
-1
Let g(t) = -t - 1. Let q = 25 + -10. Let f = 11 - q. Give g(f).
3
Let o(i) be the first derivative of -i**4/4 + 4*i**3/3 + i**2 - 6*i - 1. Let h = -53 + 57. Give o(h).
2
Let r be (2 + 5)*(-1 + 2). Suppose 0 = -4*c + 3*a - r*a + 24, 5*a - 5 = 0. Let k(t) = t - 1. Let i(m) = -m - 7. Let z(d) = -i(d) - 2*k(d). Calculate z(c).
4
Let o(i) = -i**3 + 4 + 6*i**2 + 6*i + 2 + i. Let g(l) = -2*l - 5. Let d be g(-6). Calculate o(d).
6
Let b(x) = 6*x**3 + x**2 + x + 1. Suppose -4*u - 5*a = 14, -2*u - 3*u + a = 3. Determine b(u).
-5
Suppose 0 = -r - 2*q, 3*q = -r + 2*q + 3. Suppose -r*d + d = 25. Let x(j) = -j**3 - 4*j**2 + 6*j + 5. Calculate x(d).
0
Let t be -1*(-2)/(-7)*-7. Let g(x) = -4*x**t - 5*x - 3 + 2 + 5*x**2. Let i(s) = s**2 + 5*s - 2. Let n be i(-6). Give g(n).
-5
Let m(a) = -7*a - 1. Let h(r) = -3*r - 1. Let v(d) = d**3 + 4*d**2 + 5*d + 4. Let g be v(-3). Let o(z) = g*m(z) + 5*h(z). What is o(3)?
-6
Let k(s) be the first derivative of -s**6/360 + s**5/40 - s**4/8 + 10*s**3/3 - 10. Let f(j) be the third derivative of k(j). What is f(3)?
-3
Let k = -8 + 13. Let z be (1/(-3))/((-3)/36). Let y(j) = -z + 3*j - j - j**2 + 4*j. Give y(k).
1
Let f(y) = -y**3 + 5*y - 9 - 4 + 18 + 6*y**2. Calculate f(7).
-9
Let o(r) = r**3 - 4*r**2 - r - 1. Let h be -2*6/(-6 + 3). Let u = h - 1. What is o(u)?
-13
Suppose n = -2*n + 4*o + 3, 3*n - 2*o = 3. Let k(d) = 13*d - 1. Give k(n).
12
Let f be 17/5 - (-6)/10. Let q(k) = 3*k + k**3 + 3*k**2 + 3*k**3 - 5*k**3 - 2. Give q(f).
-6
Let g = -2 - -3. Let z be -2 - (1 + 1 - g). Let w = -3 - z. Let o(h) = h**3 - h - 4. Calculate o(w).
-4
Let v be 0/2 - 4/(-2). Let c be 4/(1 - 5/3). Let i = v + c. Let d(u) = u**3 + 5*u**2 + 5*u + 6. Give d(i).
2
Let t be (-6 - -3)/3*-5. Suppose 4*x + 9 = t. Let f(o) = 10*o**3 - o - 1. What is f(x)?
-10
Let l(k) be the first derivative of -9*k**2/2 - k - 9. What is l(-1)?
8
Let n = -7 + 10. Let j(z) = -2*z - n*z + 2*z - 2 + 2*z. What is j(-4)?
2
Let l(t) = -t**3 - 2*t**2 - t + 2. Let w = 1 - 3. Determine l(w).
4
Let l(w) = w**2 - 4*w - 3. Suppose -2*x + 12 - 4 = 0. What is l(x)?
-3
Let g(x) = -x**3 + 6*x**2 - 3. Suppose -3*a = 3*a - 36. Calculate g(a).
-3
Let l(j) be the third derivative of -j**4/24 - j**3/6 - j**2. Suppose 2*y - 8*y = 18. Give l(y).
2
Let s be (-15 + -2 + -3)